{"id":8153,"date":"2023-12-30T10:16:14","date_gmt":"2023-12-30T08:16:14","guid":{"rendered":"https:\/\/www.2ungrad.de\/laden\/?post_type=product&#038;p=8153"},"modified":"2025-05-01T12:02:48","modified_gmt":"2025-05-01T10:02:48","slug":"logbuch-2","status":"publish","type":"product","link":"https:\/\/www.2ungrad.de\/laden\/produkt\/logbuch-2\/","title":{"rendered":"Logbuch"},"content":{"rendered":"<p>Notizbuch aus gebrauchten Aktenordnern &#8211; gef\u00fcllt mit einem Skizzenheft (A5 &#8211; frankiert). 40 Seiten, wei\u00dfes Zeichenpapier, 140 g\/qm, s\u00e4urefrei. Als Verschlu\u00df fungiert ein Original-Hosentr\u00e4ger. Absolute Hingucker-Garantie. Patente Hefttechnik f\u00fcr unkompliziertes Nachf\u00fcllen. 100% Handarbeit, 100% Unikat.<\/p>\n<p>Die A5-Hefte mit starkem Skizzenpapier zum Selbst-Nachf\u00fcllen (k\u00f6nnt ihr auch gerne bei uns nachbestellen) sind ordentlich frankiert und mit Befestigungsl\u00f6chern versehen. Ohne Briefmarke bekommt ihr solche Hefte aber auch im gut sortiertem Papierfachhandel. Wer m\u00f6chte, findet <a href=\"https:\/\/www.roterfaden.de\/shop\/product\/jahreskalender-2019-293?category=18\" target=\"_blank\" rel=\"noopener noreferrer\">hier<\/a> passende Jahreskalender von Roter Faden Taschenbegleiter. Die A5-Formate passen perfekt in unsere Logb\u00fccher, sind unserer Meinung nach sehr praktisch und sehen zudem noch total gut aus.<\/p>\n<p>Extrem langlebige Pappe, Format ca 170 x 230 mm, Dicke ca. 30 mm (inkl. Schnalle). Hosentr\u00e4ger in dunkelblau.<\/p>\n","protected":false},"excerpt":{"rendered":"<p>Logbuch &#8211; Notizbuch aus alten Aktenordnern (A5)<\/p>\n","protected":false},"featured_media":8154,"template":"","meta":[],"product_brand":[],"product_cat":[296],"product_tag":[183,299,301,182,300,302],"class_list":{"0":"post-8153","1":"product","2":"type-product","3":"status-publish","4":"has-post-thumbnail","6":"product_cat-logbuch-logbuch","7":"product_tag-aktenordner","8":"product_tag-hosentraeger","9":"product_tag-kladde","10":"product_tag-notizbuch","11":"product_tag-pappe","12":"product_tag-wolkenmarmor","13":"gallery-content-unit","15":"first","16":"outofstock","17":"taxable","18":"shipping-taxable","19":"purchasable","20":"product-type-simple"},"_links":{"self":[{"href":"https:\/\/www.2ungrad.de\/laden\/wp-json\/wp\/v2\/product\/8153","targetHints":{"allow":["GET"]}}],"collection":[{"href":"https:\/\/www.2ungrad.de\/laden\/wp-json\/wp\/v2\/product"}],"about":[{"href":"https:\/\/www.2ungrad.de\/laden\/wp-json\/wp\/v2\/types\/product"}],"wp:featuredmedia":[{"embeddable":true,"href":"https:\/\/www.2ungrad.de\/laden\/wp-json\/wp\/v2\/media\/8154"}],"wp:attachment":[{"href":"https:\/\/www.2ungrad.de\/laden\/wp-json\/wp\/v2\/media?parent=8153"}],"wp:term":[{"taxonomy":"product_brand","embeddable":true,"href":"https:\/\/www.2ungrad.de\/laden\/wp-json\/wp\/v2\/product_brand?post=8153"},{"taxonomy":"product_cat","embeddable":true,"href":"https:\/\/www.2ungrad.de\/laden\/wp-json\/wp\/v2\/product_cat?post=8153"},{"taxonomy":"product_tag","embeddable":true,"href":"https:\/\/www.2ungrad.de\/laden\/wp-json\/wp\/v2\/product_tag?post=8153"}],"curies":[{"name":"wp","href":"https:\/\/api.w.org\/{rel}","templated":true}]}}