{"id":6202,"date":"2022-11-16T23:42:25","date_gmt":"2022-11-16T21:42:25","guid":{"rendered":"https:\/\/www.2ungrad.de\/laden\/?post_type=product&#038;p=6202"},"modified":"2025-10-06T08:54:33","modified_gmt":"2025-10-06T06:54:33","slug":"kritzel-4","status":"publish","type":"product","link":"https:\/\/www.2ungrad.de\/laden\/produkt\/kritzel-4\/","title":{"rendered":"Kritzel"},"content":{"rendered":"<p>Notizb\u00fccher aus den alten originalen Kinder- und Jugendb\u00fcchern. Jedes Buch versehen mit einzelnen Originalseiten aus dem jeweiligen Buch und vielen Blankoseiten (ca. 100) f\u00fcr eigene Notizen. Recyclingpapier.<\/p>\n<p>Alte Rechtschreibung und entsprechende Illustrationen.<\/p>\n<p>Marie Luise Fischer: Wirbel im Internat<\/p>\n","protected":false},"excerpt":{"rendered":"<p>Notizbuch &#8211; Kritzel<\/p>\n","protected":false},"featured_media":6204,"template":"","meta":[],"product_brand":[],"product_cat":[223],"product_tag":[],"class_list":{"0":"post-6202","1":"product","2":"type-product","3":"status-publish","4":"has-post-thumbnail","6":"product_cat-kritzel","7":"gallery-content-unit","9":"first","10":"instock","11":"taxable","12":"shipping-taxable","13":"purchasable","14":"product-type-simple"},"_links":{"self":[{"href":"https:\/\/www.2ungrad.de\/laden\/wp-json\/wp\/v2\/product\/6202","targetHints":{"allow":["GET"]}}],"collection":[{"href":"https:\/\/www.2ungrad.de\/laden\/wp-json\/wp\/v2\/product"}],"about":[{"href":"https:\/\/www.2ungrad.de\/laden\/wp-json\/wp\/v2\/types\/product"}],"wp:featuredmedia":[{"embeddable":true,"href":"https:\/\/www.2ungrad.de\/laden\/wp-json\/wp\/v2\/media\/6204"}],"wp:attachment":[{"href":"https:\/\/www.2ungrad.de\/laden\/wp-json\/wp\/v2\/media?parent=6202"}],"wp:term":[{"taxonomy":"product_brand","embeddable":true,"href":"https:\/\/www.2ungrad.de\/laden\/wp-json\/wp\/v2\/product_brand?post=6202"},{"taxonomy":"product_cat","embeddable":true,"href":"https:\/\/www.2ungrad.de\/laden\/wp-json\/wp\/v2\/product_cat?post=6202"},{"taxonomy":"product_tag","embeddable":true,"href":"https:\/\/www.2ungrad.de\/laden\/wp-json\/wp\/v2\/product_tag?post=6202"}],"curies":[{"name":"wp","href":"https:\/\/api.w.org\/{rel}","templated":true}]}}