{"id":11687,"date":"2026-01-15T22:11:20","date_gmt":"2026-01-15T20:11:20","guid":{"rendered":"https:\/\/www.2ungrad.de\/laden\/?post_type=product&#038;p=11687"},"modified":"2026-01-16T09:24:41","modified_gmt":"2026-01-16T07:24:41","slug":"lottchen-6","status":"publish","type":"product","link":"https:\/\/www.2ungrad.de\/laden\/produkt\/lottchen-6\/","title":{"rendered":"Lottchen"},"content":{"rendered":"<p>Das Lottchen ist der Blickfang in der K\u00fcche, im Bad und \u00fcberall dort, wo es was zum Aufh\u00e4ngen gibt. Handt\u00fccher, Schl\u00fcssel, Schmuck oder andere Kleinigkeiten. Antiker Unterteller mit aufgeschraubtem Haken und Halterung zum einfachen Aufh\u00e4ngen an der Wand. Alternativ kann das Lottchen aber auch an der Wand festgeschraubt werden. Handmade in Karlsruhe.<\/p>\n<p>Durchmesser ca. 15 cm. Messingfarbener Haken, verschraubt. Einzelst\u00fcck.<\/p>\n","protected":false},"excerpt":{"rendered":"<p>Das Lottchen ist der Blickfang in der K\u00fcche, im Bad und \u00fcberall dort, wo es was zum Aufh\u00e4ngen gibt. Handt\u00fccher, Schl\u00fcssel, Schmuck oder andere Kleinigkeiten. Antiker Unterteller mit aufgeschraubtem Haken und Halterung zum einfachen Aufh\u00e4ngen an der Wand. Alternativ kann das Lottchen aber auch an der Wand festgeschraubt werden. Handmade in Karlsruhe. Durchmesser ca. 15 [&hellip;]<\/p>\n","protected":false},"featured_media":11688,"template":"","meta":[],"product_brand":[],"product_cat":[86],"product_tag":[335,342,341],"class_list":{"0":"post-11687","1":"product","2":"type-product","3":"status-publish","4":"has-post-thumbnail","6":"product_cat-lottchen","7":"product_tag-porzellan","8":"product_tag-sammeltassen","9":"product_tag-unterteller","10":"product_shipping_class-hermes-versand-versichert","11":"gallery-content-unit","13":"first","14":"instock","15":"sold-individually","16":"taxable","17":"shipping-taxable","18":"purchasable","19":"product-type-simple"},"_links":{"self":[{"href":"https:\/\/www.2ungrad.de\/laden\/wp-json\/wp\/v2\/product\/11687","targetHints":{"allow":["GET"]}}],"collection":[{"href":"https:\/\/www.2ungrad.de\/laden\/wp-json\/wp\/v2\/product"}],"about":[{"href":"https:\/\/www.2ungrad.de\/laden\/wp-json\/wp\/v2\/types\/product"}],"wp:featuredmedia":[{"embeddable":true,"href":"https:\/\/www.2ungrad.de\/laden\/wp-json\/wp\/v2\/media\/11688"}],"wp:attachment":[{"href":"https:\/\/www.2ungrad.de\/laden\/wp-json\/wp\/v2\/media?parent=11687"}],"wp:term":[{"taxonomy":"product_brand","embeddable":true,"href":"https:\/\/www.2ungrad.de\/laden\/wp-json\/wp\/v2\/product_brand?post=11687"},{"taxonomy":"product_cat","embeddable":true,"href":"https:\/\/www.2ungrad.de\/laden\/wp-json\/wp\/v2\/product_cat?post=11687"},{"taxonomy":"product_tag","embeddable":true,"href":"https:\/\/www.2ungrad.de\/laden\/wp-json\/wp\/v2\/product_tag?post=11687"}],"curies":[{"name":"wp","href":"https:\/\/api.w.org\/{rel}","templated":true}]}}